hat is the tens digit of 12278?
7
What is the tens digit of 613?
1
What is the thousands digit of 1539?
1
What is the thousands digit of 13585?
3
What is the hundreds digit of 123?
1
What is the units digit of 50600?
0
What is the hundreds digit of 30160?
1
What is the tens digit of 1260?
6
What is the tens digit of 36901?
0
What is the tens digit of 9855?
5
What is the tens digit of 26479?
7
What is the units digit of 802?
2
What is the units digit of 632?
2
What is the ten thousands digit of 15503?
1
What is the tens digit of 2113?
1
What is the units digit of 801?
1
What is the ten thousands digit of 10294?
1
What is the tens digit of 18619?
1
What is the tens digit of 297?
9
What is the units digit of 2010?
0
What is the units digit of 8388?
8
What is the units digit of 13?
3
What is the hundreds digit of 3271?
2
What is the tens digit of 74?
7
What is the units digit of 798?
8
What is the ten thousands digit of 55773?
5
What is the thousands digit of 3001?
3
What is the thousands digit of 1876?
1
What is the hundreds digit of 21883?
8
What is the hundreds digit of 21236?
2
What is the units digit of 1875?
5
What is the tens digit of 18827?
2
What is the thousands digit of 25899?
5
What is the tens digit of 2706?
0
What is the hundreds digit of 339?
3
What is the thousands digit of 3192?
3
What is the units digit of 7432?
2
What is the thousands digit of 1244?
1
What is the thousands digit of 38516?
8
What is the hundreds digit of 24005?
0
What is the hundreds digit of 15092?
0
What is the units digit of 1058?
8
What is the hundreds digit of 724?
7
What is the ten thousands digit of 81408?
8
What is the units digit of 943?
3
What is the thousands digit of 53711?
3
What is the hundreds digit of 2766?
7
What is the tens digit of 1321?
2
What is the tens digit of 120216?
1
What is the units digit of 4291?
1
What is the units digit of 4662?
2
What is the units digit of 3003?
3
What is the units digit of 4311?
1
What is the hundreds digit of 1763?
7
What is the tens digit of 914?
1
What is the tens digit of 3147?
4
What is the thousands digit of 2576?
2
What is the tens digit of 3967?
6
What is the ten thousands digit of 17821?
1
What is the units digit of 49400?
0
What is the units digit of 12571?
1
What is the hundreds digit of 1042?
0
What is the units digit of 32924?
4
What is the tens digit of 3683?
8
What is the tens digit of 132?
3
What is the thousands digit of 43440?
3
What is the tens digit of 3160?
6
What is the ten thousands digit of 15741?
1
What is the hundreds digit of 19984?
9
What is the hundreds digit of 2555?
5
What is the hundreds digit of 30414?
4
What is the tens digit of 584?
8
What is the units digit of 21482?
2
What is the units digit of 1230?
0
What is the units digit of 50613?
3
What is the units digit of 99387?
7
What is the thousands digit of 1380?
1
What is the hundreds digit of 1664?
6
What is the units digit of 16?
6
What is the units digit of 1196?
6
What is the units digit of 4628?
8
What is the tens digit of 5416?
1
What is the units digit of 885?
5
What is the units digit of 902?
2
What is the thousands digit of 3242?
3
What is the units digit of 2990?
0
What is the tens digit of 16760?
6
What is the units digit of 14077?
7
What is the units digit of 3418?
8
What is the thousands digit of 1447?
1
What is the thousands digit of 1930?
1
What is the hundreds digit of 1159?
1
What is the tens digit of 619?
1
What is the hundreds digit of 10750?
7
What is the ten thousands digit of 31258?
3
What is the hundreds digit of 14694?
6
What is the units digit of 1240?
0
What is the hundreds digit of 9865?
8
What is the hundreds digit of 15441?
4
What is the thousands digit of 113409?
3
What is the thousands digit of 22323?
2
What is the units digit of 4959?
9
What is the units digit of 7937?
7
What is the units digit of 1714?
4
What is the hundred thousands digit of 111355?
1
What is the tens digit of 17141?
4
What is the ten thousands digit of 19163?
1
What is the ten thousands digit of 10993?
1
What is the units digit of 81069?
9
What is the units digit of 2986?
6
What is the thousands digit of 1173?
1
What is the thousands digit of 1984?
1
What is the hundreds digit of 4321?
3
What is the hundred thousands digit of 151239?
1
What is the units digit of 825?
5
What is the units digit of 14286?
6
What is the tens digit of 438?
3
What is the tens digit of 874?
7
What is the tens digit of 969?
6
What is the tens digit of 175356?
5
What is the hundreds digit of 2675?
6
What is the thousands digit of 2906?
2
What is the units digit of 1553?
3
What is the units digit of 3076?
6
What is the hundreds digit of 2021?
0
What is the units digit of 8661?
1
What is the hundreds digit of 2312?
3
What is the thousands digit of 1656?
1
What is the hundreds digit of 672?
6
What is the units digit of 1780?
0
What is the ten thousands digit of 44378?
4
What is the thousands digit of 1653?
1
What is the tens digit of 3532?
3
What is the units digit of 18939?
9
What is the ten thousands digit of 10889?
1
What is the units digit of 14343?
3
What is the tens digit of 30803?
0
What is the tens digit of 6551?
5
What is the tens digit of 73593?
9
What is the units digit of 2065?
5
What is the units digit of 2904?
4
What is the ten thousands digit of 25956?
2
What is the units digit of 883?
3
What is the tens digit of 9375?
7
What is the tens digit of 815?
1
What is the tens digit of 318?
1
What is the tens digit of 262?
6
What is the thousands digit of 4160?
4
What is the units digit of 2?
2
What is the tens digit of 10734?
3
What is the thousands digit of 16569?
6
What is the thousands digit of 7567?
7
What is the tens digit of 742?
4
What is the tens digit of 1242?
4
What is the hundreds digit of 5664?
6
What is the hundreds digit of 1374?
3
What is the units digit of 80368?
8
What is the tens digit of 2697?
9
What is the tens digit of 53405?
0
What is the units digit of 69?
9
What is the tens digit of 3399?
9
What is the ten thousands digit of 41712?
4
What is the tens digit of 2273?
7
What is the units digit of 9131?
1
What is the units digit of 4900?
0
What is the units digit of 2623?
3
What is the units digit of 117514?
4
What is the tens digit of 48?
4
What is the tens digit of 2990?
9
What is the ten thousands digit of 19692?
1
What is the units digit of 8665?
5
What is the units digit of 209?
9
What is the units digit of 50?
0
What is the hundreds digit of 49507?
5
What is the hundreds digit of 427?
4
What is the units digit of 95224?
4
What is the hundreds digit of 16998?
9
What is the hundreds digit of 2245?
2
What is the units digit of 14698?
8
What is the thousands digit of 1026?
1
What is the hundreds digit of 2633?
6
What is the ten thousands digit of 107849?
0
What is the thousands digit of 3600?
3
What is the thousands digit of 4549?
4
What is the tens digit of 16498?
9
What is the tens digit of 27168?
6
What is the units digit of 372?
2
What is the hundreds digit of 1058?
0
What is the tens digit of 5162?
6
What is the units digit of 6395?
5
What is the hundreds digit of 15138?
1
What is the thousands digit of 3727?
3
What is the thousands digit of 18617?
8
What is the hundreds digit of 237?
2
What is the units digit of 45847?
7
What is the units digit of 3756?
6
What is the tens digit of 851?
5
What is the tens digit of 72538?
3
What is the hundreds digit of 28478?
4
What is the hundreds digit of 2180?
1
What is the thousands digit of 74648?
4
What is the tens digit of 1931?
3
What is the units digit of 203?
3
What is the units digit of 9656?
6
What is the tens digit of 2157?
5
What is the ten thousands digit of 116533?
1
What is the tens digit of 2637?
3
What is the tens digit of 78?
7
What is the ten thousands digit of 50477?
5
What is the tens digit of 778?
7
What is the units digit of 2335?
5
What is the units digit of 7?
7
What is the thousands digit of 4638?
4
What is the thousands digit of 14860?
4
What is the units digit of 11341?
1
What is the units digit of 9697?
7
What is the thousands digit of 1816?
1
What is the tens digit of 62679?
7
What is the units digit of 19965?
5
What is the tens digit of 375?
7
What is the units digit of 2041?
1
What is the hundreds digit of 946?
9
What is the thousands digit of 1023?
